r when 542 is divided by t.
87
Let h(o) = -4*o + 51. Let y(g) = -15*g + 200. Let z(k) = -11*h(k) + 3*y(k). Let u = 1 - 1. Calculate the remainder when z(u) is divided by 14.
11
Let g(f) = -483*f - 2330. What is the remainder when g(-6) is divided by 160?
88
Suppose -2*o + 3192 - 1081 = -5*d, -3*o - 3*d + 3156 = 0. What is the remainder when o is divided by 119?
101
Suppose -7668 - 13351 = -5*v + 3*y, -3*y - 24 = 0. What is the remainder when v is divided by 18?
5
Let b(c) = -c**3 + 87*c**2 + 88*c + 134. Calculate the remainder when 259 is divided by b(88).
125
Let m = 515 + -217. Calculate the remainder when m is divided by 13.
12
Suppose -12*a = 43 + 29. Calculate the remainder when ((-3776)/(-56) + a/14)/1 is divided by 1 - 22*(-2)/4.
7
Let m = -29 - -48. Suppose -19103 = 12*o - 19199. Calculate the remainder when m is divided by o.
3
What is the remainder when 277 is divided by 27/(-2)*(-100)/75?
7
Let j be (-72)/48 + 23/2. Suppose -112 = -3*m + 5*f, 5*m - j*f = -13*f + 232. Calculate the remainder when 215 is divided by m.
39
Suppose 5*g = -36 + 26, 0 = 2*s + 4*g - 542. Calculate the remainder when s is divided by 270.
5
Let c = -9609 - -11495. What is the remainder when c is divided by 188?
6
Let w be -10 + 0/(2/(-2) + 2). Let k = 84 + w. Calculate the remainder when 144 is divided by k.
70
Suppose -2 = -2*k - 0, -2*j = -3*k - 223. What is the remainder when j is divided by 70?
43
Calculate the remainder when (-10)/6 - (-8723)/39 is divided by 75.
72
Let w = -29 - -18. Suppose -4*j = -4*n + 240, n + 2*j - 103 = -40. What is the remainder when n is divided by (-10 - w)/(1/8)?
5
Suppose 60*g - 13 = n + 65*g, -4*g = 16. Calculate the remainder when 2925 is divided by n.
6
Let z = 4796 - 4755. What is the remainder when 62 is divided by z?
21
Suppose -3*u + 4*k + 1739 = 534, 0 = -3*u + 6*k + 1221. Calculate the remainder when 4303 is divided by u.
2
Let l(x) = x**3 + 11*x**2 - 11*x + 47. Let f be l(-12). Suppose 2*y + 135 = 2*v - f, 247 = 3*v + 5*y. Calculate the remainder when v is divided by 15.
9
Suppose -57*z = 2*n - 61*z - 54, z = n - 32. Calculate the remainder when 61 is divided by n.
24
Let f = 12 + -10. Suppose -2*t + 120 = 4*d, 5*d + f*t - 148 = -0*d. Suppose o - 49 = 31*r - 36*r, -5*o - 5 = 0. Calculate the remainder when d is divided by r.
8
Let i = 69 + -69. Suppose -2*q - 3*k = -98, -3*k + i*k = -3*q + 132. Calculate the remainder when (q/(-4))/((-9)/6 + 1) is divided by 5.
3
Suppose 28 = 6*c + 4. Suppose -v - 4*k = -46, k = 3*v + 69 - 246. Calculate the remainder when v is divided by (16 - c) + (-2)/1*1.
8
Suppose 14*c - 2*c = 12168 + 11076. Calculate the remainder when c is divided by 114.
113
Let d(s) = -6*s - 6. Let j(r) = 2*r - 21. Let n be j(7). Let u be d(n). Calculate the remainder when u/30*(-80)/(-6) is divided by 6.
4
Suppose -2*b - 42 = -c, -4*c + 17 = -5*b - 157. Suppose 0 = -157*v - 111*v + 48*v + 1320. Calculate the remainder when c is divided by v.
4
Let i be 231 - (-4 - 20/(-4)). Suppose 127*w + i = 132*w. Suppose -u - 5*h = -5*u + 43, 2*h + 6 = 0. What is the remainder when w is divided by u?
4
Suppose 103 + 33 = 4*y. Suppose 24*u - 26*u + o + 31 = 0, -15 = 3*o. What is the remainder when y is divided by u?
8
Let j = 66 - 65. Suppose -4*m + 5*l = -0*m + j, -2*m + 5*l = 13. What is the remainder when 71 is divided by m?
5
Let c(y) = 59*y - 2959. What is the remainder when c(67) is divided by 59?
50
What is the remainder when (-87)/(-261) - 2138/(-3) is divided by 16?
9
Let d be ((-242)/77)/(4/(-14)). Suppose 0 = 2*r + 4*f - 295 + d, -431 = -3*r - f. What is the remainder when r is divided by 17?
8
What is the remainder when 316 is divided by (-6 + 0)*5/(60/(-42))?
1
Suppose 16 = -2*c + 20. Let q(g) = 0*g + 8*g**2 + 4*g + g - c*g**2. Calculate the remainder when 151 is divided by q(-3).
34
Let s(f) = 2*f**3 - 8*f**2 + 4*f - 144. What is the remainder when 1281 is divided by s(6)?
9
Let h(z) = -z**3 + 77*z**2 - 548*z - 155. What is the remainder when 1676 is divided by h(69)?
103
Suppose 0 = 5*d - v - 431, 100*d = 102*d + 3*v - 203. Calculate the remainder when 2742 is divided by d.
14
Let j = 57 + -47. Let m = -445 + 464. What is the remainder when m is divided by j?
9
Suppose 0 = -8*h + 1022 - 4094. Let b = -373 - h. Calculate the remainder when 395 is divided by b.
10
Let n = 6 - 1. Let l = -315 + 348. Suppose n*i + l = 8*i. What is the remainder when 30 is divided by i?
8
Let w = -7 - -5. Let s be ((-3248)/(-24))/7 + w/6. Suppose -2*i + u + 47 = 6*u, i - s = -u. What is the remainder when 45 is divided by i?
13
Suppose -2*s + 18 = 4*f - 8*f, 4*f = -4*s + 12. Suppose -2*b + 3*b + s*q = 10, -4*b + 40 = q. Calculate the remainder when 67 is divided by b.
7
Let b(z) = 2*z**2 + 3*z - 20. Suppose -50 = -12*c + 154. Calculate the remainder when b(9) is divided by c.
16
Suppose -346*k = -329*k - 4233. Calculate the remainder when 523 is divided by k.
25
Suppose 5*m + 2*s - 598 = -132, -3*s + 285 = 3*m. What is the remainder when 631 is divided by m?
79
Let c(f) be the third derivative of -f**4/3 + 33*f**3/2 + 3*f**2 + 26*f. Calculate the remainder when 254 is divided by c(6).
50
Let b = 2172 - 2151. What is the remainder when 408 is divided by b?
9
Suppose 5*d - d - 11100 = -d. What is the remainder when d is divided by 553?
8
Suppose 129 + 215 = 2*h + 6*h. Calculate the remainder when 1*514*2/4 is divided by h.
42
Suppose 4*g + p - 98 = 431, -2*p - 394 = -3*g. Calculate the remainder when 316 is divided by g.
52
Let l(x) = -14*x**3 + 6*x**2 + 26*x - 24. What is the remainder when l(-4) is divided by 56?
24
Suppose 2*d - 4*q = 78, 141*d - 144*d - 4*q = -147. Calculate the remainder when 1115 is divided by d.
35
Suppose 0 = 4*n - 3*n + 5*d + 6, n - 18 = 3*d. Let i(o) = n*o**2 + 2 + 11*o**2 - 2. Calculate the remainder when i(-1) is divided by 6.
2
Let u(w) = -w**3 + 53*w**2 - 377*w - 110. What is the remainder when 2190 is divided by u(44)?
12
Suppose 5*o - 285 = 4*m, 2*o = -11*m + 7*m - 250. Let a = m - -72. What is the remainder when 21 is divided by a?
0
Let i(d) = -2*d**2 + 37*d + 118. Let s be i(29). Let w = -428 - s. What is the remainder when w is divided by 11?
8
Let m = 44 - 43. Let z be 3/((-12)/(-32)*m). Suppose -3*i + 65 = 5*n - 60, n + 4*i = z. Calculate the remainder when n is divided by 10.
8
Let d(v) = -13*v - 14. Let w(y) = 2*y + 1. Let c(s) = 3*d(s) + 12*w(s). What is the remainder when 47 is divided by c(-4)?
17
Let q(x) be the second derivative of x**4/12 - 19*x**3/6 - 41*x**2/2 - x - 6. What is the remainder when 86 is divided by q(22)?
11
Suppose 10 = 2*t, 126*a = 131*a - 3*t - 29740. What is the remainder when a is divided by 16?
15
Let p = -55 - -58. Suppose -2*y - 4 = 3*v + 7, p*v + 15 = 0. Suppose 5*a - 130 = 5*d, 0 = -2*d - 6 - y. Calculate the remainder when 62 is divided by a.
18
Let c be -3 + (-46)/(-14) + (-150)/35. Suppose 3*p + b = 132, -4*b = -4*p + p + 117. Calculate the remainder when p is divided by (-5)/c + (-1739)/(-148).
4
Let j(a) = a**3 + 13*a**2 + 2*a + 24. Let k be j(-13). Calculate the remainder when k*(-1 - 102/12) is divided by 15.
4
Let g(c) = c**3 - 5*c**2 - 4*c + 2. Let o(n) = 193*n + 7390. Calculate the remainder when o(-37) is divided by g(6).
11
Suppose -6 = 4*c + 6. Calculate the remainder when (-8 + 1 + -3)/((-3)/12) is divided by c/15 + (-318)/(-15).
19
Suppose -41*j - 1186 = -45*j - 2*i, -2*i = 10. Suppose j = 32*l + 107. What is the remainder when 52 is divided by l?
4
Suppose -8 = -10*a + 8*a. Let r be 5*1/(-2 + 3). Suppose -r*i + 7 = o, -3*o - o - a*i + 76 = 0. What is the remainder when 42 is divided by o?
20
Let w(g) = g**2 + 25*g + 29. Let h be w(-24). Suppose 0 = -i - h*i + 624. What is the remainder when i is divided by 15?
14
Let f(u) = 197 - 6*u - 2*u + 13*u. What is the remainder when 73 is divided by f(-37)?
1
Let q = 3275 + -3246. What is the remainder when 32 is divided by q?
3
Suppose 11*m - 8892 = -0*m - m. What is the remainder when m is divided by 185?
1
Let q(n) = -4*n**3 - 30*n**2 - 148*n - 44. Calculate the remainder when q(-4) is divided by 2.
0
Let t be (20 + -22)*(-57)/(-6). Let q(u) = u**2 + 12*u - 79. Calculate the remainder when 131 is divided by q(t).
23
Suppose -33340 = -10*s + 8*s - 6*k, 0 = -s + 4*k + 16621. What is the remaind